.
2
Suppose -1076 = -2*u + 4*i, 0 = -13*i + 9*i - 12. List the prime factors of u.
2, 7, 19
Let v(h) = h**2 - 12*h + 8. Let l be v(17). Suppose 2*f - 97 = -o + f, 3*f = -o + l. What are the prime factors of o?
3, 11
Suppose -5*s = -6*s + 3, 4*r - 4 = 4*s. Suppose 9 + 39 = r*w. List the prime factors of w.
2, 3
Let h(m) = -2*m**2 - m + 4. Let y be h(-2). Let b be (3/y)/(3/(-4)). What are the prime factors of (-264)/(-27) - b/(-9)?
2, 5
Suppose -13 = -5*v - 3. Suppose v*s - 29 - 47 = 0. List the prime factors of s + 0 - (-9 + 5).
2, 3, 7
Suppose -3*x + 1104 + 1247 = -2*l, -x - l = -777. List the prime factors of x.
11, 71
Let z(x) = 2*x**3 - 10*x**2 + 5*x + 11. List the prime factors of z(9).
2, 11
Let j = 69 + -71. What are the prime factors of (j - -5)/((-12)/(-160))?
2, 5
Let z(s) = s**3 + 4*s**2 - 2*s - 4. Let t be z(-4). Suppose 4*u - 2*u - 2*f = 36, -30 = -2*u - t*f. What are the prime factors of u?
17
Let o(s) = -s**2 + 12*s. Let r be o(10). Suppose -92 = -4*i + 4*c, -i + 2*c + r + 0 = 0. List the prime factors of i.
2, 13
Let d = -22 - -29. Suppose 3*h = d*h - 832. List the prime factors of h.
2, 13
What are the prime factors of 158/(-2*6/(-18))?
3, 79
Suppose -318 = -2*u + 5*b, -443 = -6*u + 3*u - b. What are the prime factors of u?
149
Let z = -205 - -496. What are the prime factors of z?
3, 97
Let o(r) = r**3 - r**2 - 2*r - 1. Let y be o(3). Suppose v + 5*h - 34 = -6, 3*v + y = 4*h. Let w(c) = 4*c**2 + 5*c - 4. List the prime factors of w(v).
47
Let l(u) be the second derivative of -2*u**3/3 - u**2/2 + 10*u. What are the prime factors of l(-5)?
19
List the prime factors of (4 - (-164)/(-40)) + 83706/60.
3, 5, 31
Suppose -910 = -3*h + 77. List the prime factors of h.
7, 47
Let f = -3 - 4. List the prime factors of (-51)/f - (-20)/(-70).
7
Suppose 2*u + 2*s - 7 = -s, 4*s - 20 = 0. Let r(p) = -4*p - 13. Let m be r(u). Suppose 5*l - 3*l - 182 = -3*b, -4*b + 237 = -m*l. List the prime factors of b.
2, 3, 5
Let k(m) = m**2 - 2*m + 0*m**2 - 2*m**2 + 7*m + 3. Let w be k(5). Suppose 26 = -2*n + w*n. List the prime factors of n.
2, 13
Suppose -54*d + 84879 - 10251 = 0. List the prime factors of d.
2, 691
Suppose -3288 = -7*m - 579. What are the prime factors of m?
3, 43
Suppose 0 = -5*c - 5 + 10. What are the prime factors of 26 - (3*(-1 + 0) + c)?
2, 7
Suppose 5*w + 8 = 23. What are the prime factors of (70/(-25))/((-52)/(-20) - w)?
7
Suppose -3*q + 4*x = -3448, 3*x = 19*q - 21*q + 2310. What are the prime factors of q?
2, 3
Let n = -44 - -47. Suppose 3*v - 287 = 2*s, -6*s + 4*s + 271 = n*v. What are the prime factors of v?
3, 31
Suppose 5*h = 2*v + v + 105, 3*h = -v + 49. Suppose 29*b = 23*b + 36. List the prime factors of b/h*39*2.
2, 13
Let r = -1031 - -1475. Suppose 3*t - r = -3*t. List the prime factors of t.
2, 37
Let j be (6/4)/(6/(-80)). Let w be 8/j + 2/5. Suppose -v - 1 + 31 = w. List the prime factors of v.
2, 3, 5
Let r = 386 - -57. What are the prime factors of r?
443
Let s = 6 - 7. Let r be s/(-1 + 2) + 15. Suppose r*t = 11*t + 27. List the prime factors of t.
3
What are the prime factors of ((-6)/(-5))/((-72)/(-72480))?
2, 151
Suppose 4*b = l + l - 20, -3*b = 2*l + 1. Suppose 8*f - 3*f - 382 = l*s, -3*s - 384 = -5*f. What are the prime factors of f?
2, 3, 13
Let z(q) = q**2 + 7*q. Let y be z(-7). Suppose y = 6*a - 2*a - 136. What are the prime factors of a?
2, 17
Suppose -3*y + u = -4, 5*y + 0*y = -5*u + 40. List the prime factors of 3/(-7) + (y - (-255)/7).
3, 13
Suppose 1396 = 13*a - 12306. List the prime factors of a.
2, 17, 31
Let q(x) = x**2 + 54*x + 9. What are the prime factors of q(23)?
2, 5, 89
Let i = 20 + -9. Let j = i - 11. Suppose -58 = -2*y - j*y. What are the prime factors of y?
29
Let d be -3*(8/(-12))/1. Suppose 4*x + 31 = -5*w, -2*x = d*x - 5*w + 41. Let z = x - -24. What are the prime factors of z?
3, 5
Suppose -3*m + 3 = 27. Let b be (-88)/(m/(-36)*-3). Suppose -6*f - 18 = -b. What are the prime factors of f?
19
Let o(x) = 2 + x**3 - 8*x + 47*x**2 - 58*x**2 + 11. List the prime factors of o(12).
61
Suppose -5*u - g + 34736 = 9600, 3*g = 3*u - 15078. List the prime factors of u.
11, 457
Suppose -9*i + 1092 = -8*i - 4*p, -3236 = -3*i + 4*p. What are the prime factors of i?
2, 67
Let f(o) = -o + 5. Let c be f(3). Let b = 36 + -18. Let g = b - c. List the prime factors of g.
2
Let x(k) = -8*k**3 - k**2 - k + 1. Let d be x(-2). Let n = d - -21. Suppose 3*c - n = -0*c. What are the prime factors of c?
2, 7
Let l(b) = -4*b + 19. Let i be l(-9). Let w = -9 + i. What are the prime factors of w?
2, 23
Let c be (-4)/2 + -2 - 7. Let n(m) = -m**3 - 12*m**2 - 14*m + 13. List the prime factors of n(c).
2, 23
Suppose -3*c - 3*u = -23 + 5, 4*c - 18 = 2*u. Suppose -4 = -k, 3*t - 15 = -c*k + 11. Suppose 3*m + 42 = t*a, -2*a - m + 3*m = -38. List the prime factors of a.
3, 5
Let n(x) = 126*x - 17. List the prime factors of n(3).
19
Suppose -79*z + 93*z = 73808. What are the prime factors of z?
2, 659
Suppose -2*m - 5*j = -1698, 20*j - 19*j + 1698 = 2*m. List the prime factors of m.
3, 283
Let z(b) = b**2 - 12*b + 3. Let y be z(12). Suppose 0 = -k - 2, 2*s + 14 = 3*k - 0*k. What are the prime factors of (24/(-20))/(y/s)?
2
Let r = 383 + 113. Let a = -345 + r. What are the prime factors of a?
151
Suppose 0*h - 181800 = -60*h. What are the prime factors of h?
2, 3, 5, 101
Let y(k) = -8*k**3 + 19*k**2 - 17*k. List the prime factors of y(-4).
2, 13, 17
Suppose 9492 + 6158 = 5*v. List the prime factors of v.
2, 5, 313
Let k(q) = q**3 - 3*q**2 + 3*q + 1. Let n be k(3). Suppose -x + n = x. Suppose -x*p + 227 = -158. List the prime factors of p.
7, 11
Suppose 0 = -7*k + 3 + 18. What are the prime factors of (-4 + 3)/(k/(-93))?
31
Let g(z) = -9*z**3 - 37*z**2 + 13*z + 15. Let v(l) = -5*l**3 - 19*l**2 + 7*l + 8. Let p(c) = -4*g(c) + 7*v(c). What are the prime factors of p(-15)?
41
Let w = -15 - -9. List the prime factors of w/24 - 482/(-8).
2, 3, 5
Suppose 4*i = 5*i - 50. Suppose 0 = 2*v - d - 166 + i, 5*v = -4*d + 316. List the prime factors of v.
2, 3, 5
Let o(u) = -15 + 2*u - 14*u + 37 + 18. What are the prime factors of o(-12)?
2, 23
Let f = 11 + -13. Let z be (f - -4) + -2*4. Let q(v) = -7*v - 5. List the prime factors of q(z).
37
Let n(z) be the first derivative of -z**4/12 + 2*z**2 - 3. Let j(s) be the second derivative of n(s). List the prime factors of j(-7).
2, 7
Let t(x) = 11*x**2 + 21*x + 56. Let q = -9 + 12. Let c(r) = -4*r**2 - 7*r - 19. Let y(o) = q*t(o) + 8*c(o). What are the prime factors of y(-10)?
2, 23
Suppose -2*x = t + 20, 2*x - x + 4*t + 24 = 0. Let b be x/(-28) - 52/(-14). Suppose b*n + 177 = 5*d, 2*d + n + 5 = 68. List the prime factors of d.
3, 11
Let w be 18*(-111)/6*4/(-3). List the prime factors of 2/6 - w/(-18).
5
List the prime factors of (-126)/(-49)*(-4116)/(-18).
2, 3, 7
Let x(v) = 5*v**2 - v - 2. Let n be 4 + -1 - (16 - 27). Suppose -5*r = 2*j - 2 + 3, 0 = 5*j - 4*r - n. List the prime factors of x(j).
2
Let b(c) = -27 - c**2 + 4 + 13*c + 8. Let q = 1 + 9. List the prime factors of b(q).
3, 5
Let h(z) = -10*z + 1. Suppose -3*p + 0*p = 21. What are the prime factors of h(p)?
71
Let s be 2/((4/1)/2). Let l(p) = -p**2 - 9*p - s + 4 + 4. What are the prime factors of l(-7)?
3, 7
Let z(x) = -x**2 + 6*x + 28. Let w be z(9). What are the prime factors of (-4)/(-28)*w - 1630/(-7)?
233
Let i(x) = x + 7. Let l be i(-2). Suppose -o + 440 = 3*o. Suppose -l*a + 5 = -o. What are the prime factors of a?
23
Suppose 2*b + 2085 = 4*c - b, 5*b - 2061 = -4*c. Suppose -3*o + 2*a = -8*o + c, 0 = -5*o + a + 528. What are the prime factors of o?
3, 5, 7
Let n be 6/(-30) + (-61)/(-5) + 4. Suppose -7*x + n*x = 594. List the prime factors of x.
2, 3, 11
Let x = -2237 + 4077. What are the prime factors of x?
2, 5, 23
Let b(c) = -c**3 + 7*c**2 + c - 1. Let d be b(5). Let w be ((-6)/(-4))/(9/d). Suppose 0 = 4*o + 2*s - 78, -5*s + 2*s = -o + w. List the prime factors of o.
2, 3
Let h(l) be the second derivative of -l**5/20 - 5*l**4/12 + 17*l**2/2 - 16*l. What are the prime factors of h(-6)?
53
Suppose 0 = w + w - 46. Let p be w/5 - (-6)/15. Suppose p*x - 61 = -2*i, 0*i + 2*i - 39 = -3*x. What are the prime factors of x?
11
What are the prime factors of (-79 - 3)/(1/(-20))?
2, 5, 41
What are the prime factors of (-2 - -103) + 4 + (